of 2322.
2, 3, 43
What are the prime factors of 65841?
3, 17, 1291
What are the prime factors of 101021?
101021
What are the prime factors of 973?
7, 139
What are the prime factors of 1469?
13, 113
List the prime factors of 1276.
2, 11, 29
List the prime factors of 153019.
23, 6653
What are the prime factors of 17705?
5, 3541
What are the prime factors of 1879?
1879
List the prime factors of 5803.
7, 829
What are the prime factors of 94324?
2, 23581
List the prime factors of 3199.
7, 457
List the prime factors of 67.
67
List the prime factors of 533.
13, 41
What are the prime factors of 40110?
2, 3, 5, 7, 191
What are the prime factors of 15833?
71, 223
What are the prime factors of 174?
2, 3, 29
List the prime factors of 1881.
3, 11, 19
What are the prime factors of 1222?
2, 13, 47
List the prime factors of 93238.
2, 46619
What are the prime factors of 5093?
11, 463
List the prime factors of 1298.
2, 11, 59
List the prime factors of 1813.
7, 37
List the prime factors of 1975.
5, 79
What are the prime factors of 3643?
3643
List the prime factors of 809.
809
What are the prime factors of 13089?
3, 4363
List the prime factors of 13902.
2, 3, 7, 331
What are the prime factors of 7573?
7573
What are the prime factors of 1119?
3, 373
What are the prime factors of 788?
2, 197
What are the prime factors of 38683?
101, 383
What are the prime factors of 1772?
2, 443
What are the prime factors of 84436?
2, 11, 19, 101
What are the prime factors of 8168?
2, 1021
What are the prime factors of 1356?
2, 3, 113
List the prime factors of 11396.
2, 7, 11, 37
List the prime factors of 5444.
2, 1361
List the prime factors of 972.
2, 3
List the prime factors of 6414.
2, 3, 1069
List the prime factors of 10693.
17, 37
What are the prime factors of 2204?
2, 19, 29
List the prime factors of 22919.
13, 41, 43
What are the prime factors of 33853?
97, 349
List the prime factors of 12187.
7, 1741
List the prime factors of 8243.
8243
List the prime factors of 90014.
2, 45007
What are the prime factors of 13458?
2, 3, 2243
List the prime factors of 3716.
2, 929
What are the prime factors of 30914?
2, 13, 29, 41
What are the prime factors of 553?
7, 79
What are the prime factors of 378?
2, 3, 7
What are the prime factors of 2007?
3, 223
List the prime factors of 15943.
107, 149
What are the prime factors of 13401?
3, 1489
What are the prime factors of 117666?
2, 3, 2179
List the prime factors of 6977.
6977
What are the prime factors of 191?
191
What are the prime factors of 68100?
2, 3, 5, 227
List the prime factors of 38229.
3, 12743
What are the prime factors of 48194?
2, 24097
List the prime factors of 4283.
4283
What are the prime factors of 212?
2, 53
What are the prime factors of 70146?
2, 3, 433
List the prime factors of 72285.
3, 5, 61, 79
List the prime factors of 25236.
2, 3, 701
List the prime factors of 2272.
2, 71
What are the prime factors of 107409?
3, 35803
List the prime factors of 5518.
2, 31, 89
What are the prime factors of 2480?
2, 5, 31
List the prime factors of 397.
397
What are the prime factors of 3606?
2, 3, 601
List the prime factors of 600.
2, 3, 5
What are the prime factors of 411?
3, 137
List the prime factors of 1585.
5, 317
List the prime factors of 841.
29
What are the prime factors of 1298?
2, 11, 59
List the prime factors of 1370.
2, 5, 137
List the prime factors of 122785.
5, 13, 1889
List the prime factors of 79405.
5, 15881
List the prime factors of 30780.
2, 3, 5, 19
List the prime factors of 19045.
5, 13, 293
List the prime factors of 129408.
2, 3, 337
List the prime factors of 3856.
2, 241
What are the prime factors of 1409?
1409
List the prime factors of 10.
2, 5
List the prime factors of 1555.
5, 311
What are the prime factors of 4593?
3, 1531
List the prime factors of 4136.
2, 11, 47
List the prime factors of 1009.
1009
What are the prime factors of 1583?
1583
What are the prime factors of 1354?
2, 677
List the prime factors of 2212.
2, 7, 79
List the prime factors of 649.
11, 59
What are the prime factors of 3374?
2, 7, 241
What are the prime factors of 8304?
2, 3, 173
What are the prime factors of 38552?
2, 61, 79
List the prime factors of 7108.
2, 1777
List the prime factors of 525.
3, 5, 7
List the prime factors of 158.
2, 79
List the prime factors of 8943.
3, 11, 271
What are the prime factors of 34621?
89, 389
What are the prime factors of 7908?
2, 3, 659
What are the prime factors of 9613?
9613
List the prime factors of 65399.
17, 3847
List the prime factors of 1976.
2, 13, 19
List the prime factors of 24633.
3, 7, 17, 23
What are the prime factors of 2119?
13, 163
What are the prime factors of 15446?
2, 7723
List the prime factors of 563.
563
List the prime factors of 4445.
5, 7, 127
What are the prime factors of 858?
2, 3, 11, 13
What are the prime factors of 5052?
2, 3, 421
List the prime factors of 283.
283
List the prime factors of 464.
2, 29
List the prime factors of 1311.
3, 19, 23
What are the prime factors of 476?
2, 7, 17
List the prime factors of 16531.
61, 271
List the prime factors of 32877.
3, 13, 281
List the prime factors of 554.
2, 277
What are the prime factors of 1055?
5, 211
What are the prime factors of 2794?
2, 11, 127
List the prime factors of 18541.
18541
List the prime factors of 10920.
2, 3, 5, 7, 13
List the prime factors of 27864.
2, 3, 43
List the prime factors of 114222.
2, 3, 19037
What are the prime factors of 9787?
9787
What are the prime factors of 8787?
3, 29, 101
What are the prime factors of 77050?
2, 5, 23, 67
What are the prime factors of 529?
23
What are the prime factors of 13164?
2, 3, 1097
What are the prime factors of 162758?
2, 17, 4787
List the prime factors of 3872.
2, 11
List the prime factors of 908.
2, 227
What are the prime factors of 4849?
13, 373
List the prime factors of 115.
5, 23
List the prime factors of 364.
2, 7, 13
What are the prime factors of 1290?
2, 3, 5, 43
List the prime factors of 2467.
2467
What are the prime factors of 2837?
2837
List the prime factors of 73591.
7, 10513
What are the prime factors of 1258?
2, 17, 37
What are the prime factors of 1371?
3, 457
What are the prime factors of 600?
2, 3, 5
What are the prime factors of 16008?
2, 3, 23, 29
List the prime factors of 25658.
2, 12829
What are the prime factors of 1585?
5, 317
List the prime factors of 44475.
3, 5, 593
List the prime factors of 920.
2, 5, 23
What are the prime factors of 932?
2, 233
List the prime factors of 10278.
2, 3, 571
List the prime factors of 204.
2, 3, 17
What are the prime factors of 46330?
2, 5, 41, 113
List the prime factors of 1854.
2, 3, 103
List the prime factors of 124.
2, 31
What are the prime factors of 2895?
3, 5, 193
List the prime factors of 10065.
3, 5, 11, 61
What are the prime factors of 6577?
6577
What are the prime factors of 8190?
2, 3, 5, 7, 13
List the prime factors of 16744.
2, 7, 13, 23
List the prime factors of 21885.
3, 5, 1459
List the prime factors of 23066.
2, 19, 607
List the prime factors of 257.
257
What are the prime factors of 84266?
2, 7, 13, 463
What are the prime factors of 41338?
2, 11, 1879
What are the prime factors of 35?
5, 7
List the prime factors of 10255.
5, 7, 293
What are the prime factors of 519?
3, 173
What are the prime factors of 3238?
2, 1619
List the prime factors of 1104.
2, 3, 23
List the prime factors of 5510.
2, 5, 19, 29
What are the prime factors of 8153?
31, 263
What are the prime factors of 1293?
3, 431
List the prime factors of 5249.
29, 181
What are the prime factors of 121874?
2, 60937
What are the prime factors of 7355?
5, 1471
List the prime factors of 29818.
2, 17, 877
List the prime factors of 434.
2, 7, 31
What are the prime factors of 8045?
5, 1609
List the prime factors of 5534.
2, 2767
List the prime factors of 8710.
2, 5, 13, 67
What are the prime factors of 432?
2, 3
What are the prime factors of 4950?
2, 3, 5, 11
List the prime factors of 11639.
103, 113
List the prime factors of 1500.
2, 3, 5
List the prime factors of 9795.
3, 5, 653
List the prime factors of 326.
2, 163
What are the prime factors of 3121?
3121
What are the prime factors of 23408?
2, 7, 11, 19
List the prime factors of 807.
3, 269
List the prime factors of 673.
673
What are the prime factors of 583?
11, 53
What are the prime fact